{"id":3,"date":"2022-12-01T14:10:43","date_gmt":"2022-12-01T14:10:43","guid":{"rendered":"http:\/\/aitbabors.com\/?page_id=3"},"modified":"2026-03-25T12:41:07","modified_gmt":"2026-03-25T12:41:07","slug":"mentions-legales","status":"publish","type":"page","link":"https:\/\/aitbabors.com\/?page_id=3","title":{"rendered":"Mentions l\u00e9gales"},"content":{"rendered":"\t\t<div data-elementor-type=\"wp-page\" data-elementor-id=\"3\" class=\"elementor elementor-3\">\n\t\t\t\t\t\t<section class=\"elementor-section elementor-top-section elementor-element elementor-element-859628f elementor-section-boxed elementor-section-height-default elementor-section-height-default\" data-id=\"859628f\" data-element_type=\"section\" data-e-type=\"section\">\n\t\t\t\t\t\t<div class=\"elementor-container elementor-column-gap-default\">\n\t\t\t\t\t<div class=\"elementor-column elementor-col-100 elementor-top-column elementor-element elementor-element-850af81\" data-id=\"850af81\" data-element_type=\"column\" data-e-type=\"column\">\n\t\t\t<div class=\"elementor-widget-wrap elementor-element-populated\">\n\t\t\t\t\t\t<div class=\"elementor-element elementor-element-cd4dafd elementor-widget elementor-widget-text-editor\" data-id=\"cd4dafd\" data-element_type=\"widget\" data-e-type=\"widget\" data-widget_type=\"text-editor.default\">\n\t\t\t\t<div class=\"elementor-widget-container\">\n\t\t\t\t\t\t\t\t\t<p>CJ CONNECTE 10 Avenue Moli\u00e8re 92600 Asni\u00e8res sur seine<\/p><p>contact@cjconnecte.com<\/p><p>SIRET 999 791 064 00010\u00a0<\/p><p>Con\u00e7u, \u00e9dit\u00e9 et d\u00e9velopp\u00e9 par CJ CONNECTE<\/p><p>H\u00e9berg\u00e9 par Hostinger 61 rue Lordou Vironos 6023 Larnaca, Chypre www.hostinger.fr<\/p>\t\t\t\t\t\t\t\t<\/div>\n\t\t\t\t<\/div>\n\t\t\t\t\t<\/div>\n\t\t<\/div>\n\t\t\t\t\t<\/div>\n\t\t<\/section>\n\t\t\t\t<\/div>\n\t\t","protected":false},"excerpt":{"rendered":"<p>CJ CONNECTE 10 Avenue Moli\u00e8re 92600 Asni\u00e8res sur seine contact@cjconnecte.com SIRET 999 791 064 00010\u00a0 Con\u00e7u, \u00e9dit\u00e9 et d\u00e9velopp\u00e9 par CJ CONNECTE H\u00e9berg\u00e9 par Hostinger 61 rue Lordou Vironos 6023 Larnaca, Chypre www.hostinger.fr<\/p>\n","protected":false},"author":1,"featured_media":0,"parent":0,"menu_order":0,"comment_status":"closed","ping_status":"closed","template":"","meta":{"footnotes":""},"class_list":["post-3","page","type-page","status-publish","hentry","entry"],"yoast_head":"<!-- This site is optimized with the Yoast SEO plugin v27.3 - https:\/\/yoast.com\/product\/yoast-seo-wordpress\/ -->\n<title>Mentions l\u00e9gales - aitbabors.com<\/title>\n<meta name=\"robots\" content=\"index, follow, max-snippet:-1, max-image-preview:large, max-video-preview:-1\" \/>\n<link rel=\"canonical\" href=\"https:\/\/aitbabors.com\/?page_id=3\" \/>\n<meta property=\"og:locale\" content=\"fr_FR\" \/>\n<meta property=\"og:type\" content=\"article\" \/>\n<meta property=\"og:title\" content=\"Mentions l\u00e9gales - aitbabors.com\" \/>\n<meta property=\"og:description\" content=\"CJ CONNECTE 10 Avenue Moli\u00e8re 92600 Asni\u00e8res sur seine contact@cjconnecte.com SIRET 999 791 064 00010\u00a0 Con\u00e7u, \u00e9dit\u00e9 et d\u00e9velopp\u00e9 par CJ CONNECTE H\u00e9berg\u00e9 par Hostinger 61 rue Lordou Vironos 6023 Larnaca, Chypre www.hostinger.fr\" \/>\n<meta property=\"og:url\" content=\"https:\/\/aitbabors.com\/?page_id=3\" \/>\n<meta property=\"og:site_name\" content=\"aitbabors.com\" \/>\n<meta property=\"article:modified_time\" content=\"2026-03-25T12:41:07+00:00\" \/>\n<meta name=\"twitter:card\" content=\"summary_large_image\" \/>\n<meta name=\"twitter:label1\" content=\"Dur\u00e9e de lecture estim\u00e9e\" \/>\n\t<meta name=\"twitter:data1\" content=\"1 minute\" \/>\n<script type=\"application\/ld+json\" class=\"yoast-schema-graph\">{\"@context\":\"https:\\\/\\\/schema.org\",\"@graph\":[{\"@type\":\"WebPage\",\"@id\":\"https:\\\/\\\/aitbabors.com\\\/?page_id=3\",\"url\":\"https:\\\/\\\/aitbabors.com\\\/?page_id=3\",\"name\":\"Mentions l\u00e9gales - aitbabors.com\",\"isPartOf\":{\"@id\":\"https:\\\/\\\/aitbabors.com\\\/#website\"},\"datePublished\":\"2022-12-01T14:10:43+00:00\",\"dateModified\":\"2026-03-25T12:41:07+00:00\",\"breadcrumb\":{\"@id\":\"https:\\\/\\\/aitbabors.com\\\/?page_id=3#breadcrumb\"},\"inLanguage\":\"fr-FR\",\"potentialAction\":[{\"@type\":\"ReadAction\",\"target\":[\"https:\\\/\\\/aitbabors.com\\\/?page_id=3\"]}]},{\"@type\":\"BreadcrumbList\",\"@id\":\"https:\\\/\\\/aitbabors.com\\\/?page_id=3#breadcrumb\",\"itemListElement\":[{\"@type\":\"ListItem\",\"position\":1,\"name\":\"Home\",\"item\":\"https:\\\/\\\/aitbabors.com\\\/\"},{\"@type\":\"ListItem\",\"position\":2,\"name\":\"Mentions l\u00e9gales\"}]},{\"@type\":\"WebSite\",\"@id\":\"https:\\\/\\\/aitbabors.com\\\/#website\",\"url\":\"https:\\\/\\\/aitbabors.com\\\/\",\"name\":\"aitbabors.com\",\"description\":\"L&#039;huile d&#039;olive alg\u00e9rienne, kabyle et d&#039;exception\",\"publisher\":{\"@id\":\"https:\\\/\\\/aitbabors.com\\\/#organization\"},\"potentialAction\":[{\"@type\":\"SearchAction\",\"target\":{\"@type\":\"EntryPoint\",\"urlTemplate\":\"https:\\\/\\\/aitbabors.com\\\/?s={search_term_string}\"},\"query-input\":{\"@type\":\"PropertyValueSpecification\",\"valueRequired\":true,\"valueName\":\"search_term_string\"}}],\"inLanguage\":\"fr-FR\"},{\"@type\":\"Organization\",\"@id\":\"https:\\\/\\\/aitbabors.com\\\/#organization\",\"name\":\"aitbabors.com\",\"url\":\"https:\\\/\\\/aitbabors.com\\\/\",\"logo\":{\"@type\":\"ImageObject\",\"inLanguage\":\"fr-FR\",\"@id\":\"https:\\\/\\\/aitbabors.com\\\/#\\\/schema\\\/logo\\\/image\\\/\",\"url\":\"https:\\\/\\\/aitbabors.com\\\/wp-content\\\/uploads\\\/2022\\\/12\\\/logo-ait-babors-1-e1670021020616.png\",\"contentUrl\":\"https:\\\/\\\/aitbabors.com\\\/wp-content\\\/uploads\\\/2022\\\/12\\\/logo-ait-babors-1-e1670021020616.png\",\"width\":147,\"height\":37,\"caption\":\"aitbabors.com\"},\"image\":{\"@id\":\"https:\\\/\\\/aitbabors.com\\\/#\\\/schema\\\/logo\\\/image\\\/\"}}]}<\/script>\n<!-- \/ Yoast SEO plugin. -->","yoast_head_json":{"title":"Mentions l\u00e9gales - aitbabors.com","robots":{"index":"index","follow":"follow","max-snippet":"max-snippet:-1","max-image-preview":"max-image-preview:large","max-video-preview":"max-video-preview:-1"},"canonical":"https:\/\/aitbabors.com\/?page_id=3","og_locale":"fr_FR","og_type":"article","og_title":"Mentions l\u00e9gales - aitbabors.com","og_description":"CJ CONNECTE 10 Avenue Moli\u00e8re 92600 Asni\u00e8res sur seine contact@cjconnecte.com SIRET 999 791 064 00010\u00a0 Con\u00e7u, \u00e9dit\u00e9 et d\u00e9velopp\u00e9 par CJ CONNECTE H\u00e9berg\u00e9 par Hostinger 61 rue Lordou Vironos 6023 Larnaca, Chypre www.hostinger.fr","og_url":"https:\/\/aitbabors.com\/?page_id=3","og_site_name":"aitbabors.com","article_modified_time":"2026-03-25T12:41:07+00:00","twitter_card":"summary_large_image","twitter_misc":{"Dur\u00e9e de lecture estim\u00e9e":"1 minute"},"schema":{"@context":"https:\/\/schema.org","@graph":[{"@type":"WebPage","@id":"https:\/\/aitbabors.com\/?page_id=3","url":"https:\/\/aitbabors.com\/?page_id=3","name":"Mentions l\u00e9gales - aitbabors.com","isPartOf":{"@id":"https:\/\/aitbabors.com\/#website"},"datePublished":"2022-12-01T14:10:43+00:00","dateModified":"2026-03-25T12:41:07+00:00","breadcrumb":{"@id":"https:\/\/aitbabors.com\/?page_id=3#breadcrumb"},"inLanguage":"fr-FR","potentialAction":[{"@type":"ReadAction","target":["https:\/\/aitbabors.com\/?page_id=3"]}]},{"@type":"BreadcrumbList","@id":"https:\/\/aitbabors.com\/?page_id=3#breadcrumb","itemListElement":[{"@type":"ListItem","position":1,"name":"Home","item":"https:\/\/aitbabors.com\/"},{"@type":"ListItem","position":2,"name":"Mentions l\u00e9gales"}]},{"@type":"WebSite","@id":"https:\/\/aitbabors.com\/#website","url":"https:\/\/aitbabors.com\/","name":"aitbabors.com","description":"L&#039;huile d&#039;olive alg\u00e9rienne, kabyle et d&#039;exception","publisher":{"@id":"https:\/\/aitbabors.com\/#organization"},"potentialAction":[{"@type":"SearchAction","target":{"@type":"EntryPoint","urlTemplate":"https:\/\/aitbabors.com\/?s={search_term_string}"},"query-input":{"@type":"PropertyValueSpecification","valueRequired":true,"valueName":"search_term_string"}}],"inLanguage":"fr-FR"},{"@type":"Organization","@id":"https:\/\/aitbabors.com\/#organization","name":"aitbabors.com","url":"https:\/\/aitbabors.com\/","logo":{"@type":"ImageObject","inLanguage":"fr-FR","@id":"https:\/\/aitbabors.com\/#\/schema\/logo\/image\/","url":"https:\/\/aitbabors.com\/wp-content\/uploads\/2022\/12\/logo-ait-babors-1-e1670021020616.png","contentUrl":"https:\/\/aitbabors.com\/wp-content\/uploads\/2022\/12\/logo-ait-babors-1-e1670021020616.png","width":147,"height":37,"caption":"aitbabors.com"},"image":{"@id":"https:\/\/aitbabors.com\/#\/schema\/logo\/image\/"}}]}},"_links":{"self":[{"href":"https:\/\/aitbabors.com\/index.php?rest_route=\/wp\/v2\/pages\/3","targetHints":{"allow":["GET"]}}],"collection":[{"href":"https:\/\/aitbabors.com\/index.php?rest_route=\/wp\/v2\/pages"}],"about":[{"href":"https:\/\/aitbabors.com\/index.php?rest_route=\/wp\/v2\/types\/page"}],"author":[{"embeddable":true,"href":"https:\/\/aitbabors.com\/index.php?rest_route=\/wp\/v2\/users\/1"}],"replies":[{"embeddable":true,"href":"https:\/\/aitbabors.com\/index.php?rest_route=%2Fwp%2Fv2%2Fcomments&post=3"}],"version-history":[{"count":7,"href":"https:\/\/aitbabors.com\/index.php?rest_route=\/wp\/v2\/pages\/3\/revisions"}],"predecessor-version":[{"id":476,"href":"https:\/\/aitbabors.com\/index.php?rest_route=\/wp\/v2\/pages\/3\/revisions\/476"}],"wp:attachment":[{"href":"https:\/\/aitbabors.com\/index.php?rest_route=%2Fwp%2Fv2%2Fmedia&parent=3"}],"curies":[{"name":"wp","href":"https:\/\/api.w.org\/{rel}","templated":true}]}}