{"id":17,"date":"2022-12-02T22:18:23","date_gmt":"2022-12-02T22:18:23","guid":{"rendered":"http:\/\/aitbabors.com\/?page_id=17"},"modified":"2025-11-12T09:33:01","modified_gmt":"2025-11-12T09:33:01","slug":"ou-trouver-nos-produits","status":"publish","type":"page","link":"https:\/\/aitbabors.com\/?page_id=17","title":{"rendered":"E shop \/ o\u00f9 trouver nos produits"},"content":{"rendered":"\t\t<div data-elementor-type=\"wp-page\" data-elementor-id=\"17\" class=\"elementor elementor-17\">\n\t\t\t\t\t\t<section class=\"elementor-section elementor-top-section elementor-element elementor-element-bc2f2ff elementor-section-boxed elementor-section-height-default elementor-section-height-default\" data-id=\"bc2f2ff\" data-element_type=\"section\" data-e-type=\"section\">\n\t\t\t\t\t\t<div class=\"elementor-container elementor-column-gap-default\">\n\t\t\t\t\t<div class=\"elementor-column elementor-col-100 elementor-top-column elementor-element elementor-element-8ee9d2c\" data-id=\"8ee9d2c\" data-element_type=\"column\" data-e-type=\"column\">\n\t\t\t<div class=\"elementor-widget-wrap elementor-element-populated\">\n\t\t\t\t\t\t<div class=\"elementor-element elementor-element-f978870 elementor-widget elementor-widget-heading\" data-id=\"f978870\" data-element_type=\"widget\" data-e-type=\"widget\" data-widget_type=\"heading.default\">\n\t\t\t\t<div class=\"elementor-widget-container\">\n\t\t\t\t\t<h2 class=\"elementor-heading-title elementor-size-default\">Notre E shop utilise l'outil Amazon, la vente se finalisera donc sur leur site pour une s\u00e9curisation totale, de plus les prix comprennent la livraison gratuite pour les abonn\u00e9s Amazon prime, pour ceux qui ne le sont pas vous pouvez b\u00e9n\u00e9ficier d'un mois gratuit sans engagement vous offrant en plus de nombreux avantages<\/h2>\t\t\t\t<\/div>\n\t\t\t\t<\/div>\n\t\t\t\t<div class=\"elementor-element elementor-element-81048c9 elementor-widget elementor-widget-spacer\" data-id=\"81048c9\" data-element_type=\"widget\" data-e-type=\"widget\" data-widget_type=\"spacer.default\">\n\t\t\t\t<div class=\"elementor-widget-container\">\n\t\t\t\t\t\t\t<div class=\"elementor-spacer\">\n\t\t\t<div class=\"elementor-spacer-inner\"><\/div>\n\t\t<\/div>\n\t\t\t\t\t\t<\/div>\n\t\t\t\t<\/div>\n\t\t\t\t\t<\/div>\n\t\t<\/div>\n\t\t\t\t\t<\/div>\n\t\t<\/section>\n\t\t\t\t<section class=\"elementor-section elementor-top-section elementor-element elementor-element-e35e917 elementor-section-boxed elementor-section-height-default elementor-section-height-default\" data-id=\"e35e917\" data-element_type=\"section\" data-e-type=\"section\">\n\t\t\t\t\t\t<div class=\"elementor-container elementor-column-gap-default\">\n\t\t\t\t\t<div class=\"elementor-column elementor-col-33 elementor-top-column elementor-element elementor-element-75cb1fb\" data-id=\"75cb1fb\" data-element_type=\"column\" data-e-type=\"column\">\n\t\t\t<div class=\"elementor-widget-wrap elementor-element-populated\">\n\t\t\t\t\t\t<div class=\"elementor-element elementor-element-ed62067 elementor-widget elementor-widget-heading\" data-id=\"ed62067\" data-element_type=\"widget\" data-e-type=\"widget\" data-widget_type=\"heading.default\">\n\t\t\t\t<div class=\"elementor-widget-container\">\n\t\t\t\t\t<h2 class=\"elementor-heading-title elementor-size-default\">huile d\u2019olive extra vierge Ait babors 75cl verre anti-uv olive achemlal<\/h2>\t\t\t\t<\/div>\n\t\t\t\t<\/div>\n\t\t\t\t<div class=\"elementor-element elementor-element-9663b82 elementor-widget elementor-widget-heading\" data-id=\"9663b82\" data-element_type=\"widget\" data-e-type=\"widget\" data-widget_type=\"heading.default\">\n\t\t\t\t<div class=\"elementor-widget-container\">\n\t\t\t\t\t<h2 class=\"elementor-heading-title elementor-size-default\">34.99 \u20ac TTC<\/h2>\t\t\t\t<\/div>\n\t\t\t\t<\/div>\n\t\t\t\t<div class=\"elementor-element elementor-element-4a81192 elementor-widget elementor-widget-heading\" data-id=\"4a81192\" data-element_type=\"widget\" data-e-type=\"widget\" data-widget_type=\"heading.default\">\n\t\t\t\t<div class=\"elementor-widget-container\">\n\t\t\t\t\t<h2 class=\"elementor-heading-title elementor-size-default\">livraison comprise pour les abonn\u00e9s Amazon prime<\/h2>\t\t\t\t<\/div>\n\t\t\t\t<\/div>\n\t\t\t\t<div class=\"elementor-element elementor-element-d646aaf elementor-widget elementor-widget-image\" data-id=\"d646aaf\" data-element_type=\"widget\" data-e-type=\"widget\" data-widget_type=\"image.default\">\n\t\t\t\t<div class=\"elementor-widget-container\">\n\t\t\t\t\t\t\t\t\t\t\t\t\t\t\t\t<a href=\"https:\/\/www.amazon.fr\/dp\/B0DFF4B771?ref=myi_il_dp&#038;th=1\" target=\"_blank\">\n\t\t\t\t\t\t\t<img fetchpriority=\"high\" decoding=\"async\" width=\"200\" height=\"300\" src=\"https:\/\/aitbabors.com\/wp-content\/uploads\/2025\/10\/freepik__background__98379-200x300.png\" class=\"attachment-medium size-medium wp-image-441\" alt=\"\" srcset=\"https:\/\/aitbabors.com\/wp-content\/uploads\/2025\/10\/freepik__background__98379-200x300.png 200w, https:\/\/aitbabors.com\/wp-content\/uploads\/2025\/10\/freepik__background__98379-682x1024.png 682w, https:\/\/aitbabors.com\/wp-content\/uploads\/2025\/10\/freepik__background__98379-768x1152.png 768w, https:\/\/aitbabors.com\/wp-content\/uploads\/2025\/10\/freepik__background__98379-1024x1536.png 1024w, https:\/\/aitbabors.com\/wp-content\/uploads\/2025\/10\/freepik__background__98379-1365x2048.png 1365w, https:\/\/aitbabors.com\/wp-content\/uploads\/2025\/10\/freepik__background__98379-scaled.png 1706w\" sizes=\"(max-width: 200px) 100vw, 200px\" \/>\t\t\t\t\t\t\t\t<\/a>\n\t\t\t\t\t\t\t\t\t\t\t\t\t\t\t<\/div>\n\t\t\t\t<\/div>\n\t\t\t\t<div class=\"elementor-element elementor-element-3c58d64 elementor-align-center elementor-widget elementor-widget-button\" data-id=\"3c58d64\" data-element_type=\"widget\" data-e-type=\"widget\" data-widget_type=\"button.default\">\n\t\t\t\t<div class=\"elementor-widget-container\">\n\t\t\t\t\t\t\t\t\t<div class=\"elementor-button-wrapper\">\n\t\t\t\t\t<a class=\"elementor-button elementor-button-link elementor-size-sm\" href=\"https:\/\/www.amazon.fr\/dp\/B0DFF4B771?ref=myi_il_dp&#038;th=1\" target=\"_blank\">\n\t\t\t\t\t\t<span class=\"elementor-button-content-wrapper\">\n\t\t\t\t\t\t\t\t\t<span class=\"elementor-button-text\">AJOUTER AU PANIER<\/span>\n\t\t\t\t\t<\/span>\n\t\t\t\t\t<\/a>\n\t\t\t\t<\/div>\n\t\t\t\t\t\t\t\t<\/div>\n\t\t\t\t<\/div>\n\t\t\t\t\t<\/div>\n\t\t<\/div>\n\t\t\t\t<div class=\"elementor-column elementor-col-33 elementor-top-column elementor-element elementor-element-cf45c55\" data-id=\"cf45c55\" data-element_type=\"column\" data-e-type=\"column\">\n\t\t\t<div class=\"elementor-widget-wrap elementor-element-populated\">\n\t\t\t\t\t\t<div class=\"elementor-element elementor-element-b559efd elementor-widget elementor-widget-heading\" data-id=\"b559efd\" data-element_type=\"widget\" data-e-type=\"widget\" data-widget_type=\"heading.default\">\n\t\t\t\t<div class=\"elementor-widget-container\">\n\t\t\t\t\t<h2 class=\"elementor-heading-title elementor-size-default\">huile d\u2019olive extra vierge Ait babors 50cl verre anti-uv olive achemlal<\/h2>\t\t\t\t<\/div>\n\t\t\t\t<\/div>\n\t\t\t\t<div class=\"elementor-element elementor-element-7a84320 elementor-widget elementor-widget-heading\" data-id=\"7a84320\" data-element_type=\"widget\" data-e-type=\"widget\" data-widget_type=\"heading.default\">\n\t\t\t\t<div class=\"elementor-widget-container\">\n\t\t\t\t\t<h2 class=\"elementor-heading-title elementor-size-default\">27.99 \u20ac TTC<\/h2>\t\t\t\t<\/div>\n\t\t\t\t<\/div>\n\t\t\t\t<div class=\"elementor-element elementor-element-04ec999 elementor-widget elementor-widget-heading\" data-id=\"04ec999\" data-element_type=\"widget\" data-e-type=\"widget\" data-widget_type=\"heading.default\">\n\t\t\t\t<div class=\"elementor-widget-container\">\n\t\t\t\t\t<h2 class=\"elementor-heading-title elementor-size-default\">livraison comprise pour les abonn\u00e9s Amazon prime<\/h2>\t\t\t\t<\/div>\n\t\t\t\t<\/div>\n\t\t\t\t<div class=\"elementor-element elementor-element-f805690 elementor-widget elementor-widget-image\" data-id=\"f805690\" data-element_type=\"widget\" data-e-type=\"widget\" data-widget_type=\"image.default\">\n\t\t\t\t<div class=\"elementor-widget-container\">\n\t\t\t\t\t\t\t\t\t\t\t\t\t\t\t\t<a href=\"https:\/\/www.amazon.fr\/gp\/product\/B0CSWS46TR\/ref=ox_sc_act_title_1?smid=A1ZOAXN49ACJE8&#038;psc=1\" target=\"_blank\">\n\t\t\t\t\t\t\t<img fetchpriority=\"high\" decoding=\"async\" width=\"200\" height=\"300\" src=\"https:\/\/aitbabors.com\/wp-content\/uploads\/2025\/10\/freepik__background__98379-200x300.png\" class=\"attachment-medium size-medium wp-image-441\" alt=\"\" srcset=\"https:\/\/aitbabors.com\/wp-content\/uploads\/2025\/10\/freepik__background__98379-200x300.png 200w, https:\/\/aitbabors.com\/wp-content\/uploads\/2025\/10\/freepik__background__98379-682x1024.png 682w, https:\/\/aitbabors.com\/wp-content\/uploads\/2025\/10\/freepik__background__98379-768x1152.png 768w, https:\/\/aitbabors.com\/wp-content\/uploads\/2025\/10\/freepik__background__98379-1024x1536.png 1024w, https:\/\/aitbabors.com\/wp-content\/uploads\/2025\/10\/freepik__background__98379-1365x2048.png 1365w, https:\/\/aitbabors.com\/wp-content\/uploads\/2025\/10\/freepik__background__98379-scaled.png 1706w\" sizes=\"(max-width: 200px) 100vw, 200px\" \/>\t\t\t\t\t\t\t\t<\/a>\n\t\t\t\t\t\t\t\t\t\t\t\t\t\t\t<\/div>\n\t\t\t\t<\/div>\n\t\t\t\t<div class=\"elementor-element elementor-element-003a89f elementor-align-center elementor-widget elementor-widget-button\" data-id=\"003a89f\" data-element_type=\"widget\" data-e-type=\"widget\" data-widget_type=\"button.default\">\n\t\t\t\t<div class=\"elementor-widget-container\">\n\t\t\t\t\t\t\t\t\t<div class=\"elementor-button-wrapper\">\n\t\t\t\t\t<a class=\"elementor-button elementor-button-link elementor-size-sm\" href=\"https:\/\/www.amazon.fr\/gp\/product\/B0CSWS46TR\/ref=ox_sc_act_title_1?smid=A1ZOAXN49ACJE8&#038;psc=1\" target=\"_blank\">\n\t\t\t\t\t\t<span class=\"elementor-button-content-wrapper\">\n\t\t\t\t\t\t\t\t\t<span class=\"elementor-button-text\">AJOUTER AU PANIER<\/span>\n\t\t\t\t\t<\/span>\n\t\t\t\t\t<\/a>\n\t\t\t\t<\/div>\n\t\t\t\t\t\t\t\t<\/div>\n\t\t\t\t<\/div>\n\t\t\t\t\t<\/div>\n\t\t<\/div>\n\t\t\t\t<div class=\"elementor-column elementor-col-33 elementor-top-column elementor-element elementor-element-3e17caf\" data-id=\"3e17caf\" data-element_type=\"column\" data-e-type=\"column\">\n\t\t\t<div class=\"elementor-widget-wrap elementor-element-populated\">\n\t\t\t\t\t\t<div class=\"elementor-element elementor-element-8d47b60 elementor-widget elementor-widget-heading\" data-id=\"8d47b60\" data-element_type=\"widget\" data-e-type=\"widget\" data-widget_type=\"heading.default\">\n\t\t\t\t<div class=\"elementor-widget-container\">\n\t\t\t\t\t<h2 class=\"elementor-heading-title elementor-size-default\">caf\u00e9 de dattes Daf\u00e9 doypack 250 gr<\/h2>\t\t\t\t<\/div>\n\t\t\t\t<\/div>\n\t\t\t\t<div class=\"elementor-element elementor-element-42249de elementor-widget elementor-widget-heading\" data-id=\"42249de\" data-element_type=\"widget\" data-e-type=\"widget\" data-widget_type=\"heading.default\">\n\t\t\t\t<div class=\"elementor-widget-container\">\n\t\t\t\t\t<h2 class=\"elementor-heading-title elementor-size-default\">14.99 \u20ac TTC <\/h2>\t\t\t\t<\/div>\n\t\t\t\t<\/div>\n\t\t\t\t<div class=\"elementor-element elementor-element-3b84cfe elementor-widget elementor-widget-heading\" data-id=\"3b84cfe\" data-element_type=\"widget\" data-e-type=\"widget\" data-widget_type=\"heading.default\">\n\t\t\t\t<div class=\"elementor-widget-container\">\n\t\t\t\t\t<h2 class=\"elementor-heading-title elementor-size-default\"><br>livraison comprise pour les abonn\u00e9s Amazon prime<\/h2>\t\t\t\t<\/div>\n\t\t\t\t<\/div>\n\t\t\t\t<div class=\"elementor-element elementor-element-cf55796 elementor-widget elementor-widget-image\" data-id=\"cf55796\" data-element_type=\"widget\" data-e-type=\"widget\" data-widget_type=\"image.default\">\n\t\t\t\t<div class=\"elementor-widget-container\">\n\t\t\t\t\t\t\t\t\t\t\t\t\t\t\t\t<a href=\"https:\/\/www.amazon.fr\/dp\/B0CSPQXJB6\/ref=olp-opf-redir?aod=1\" target=\"_blank\">\n\t\t\t\t\t\t\t<img decoding=\"async\" width=\"166\" height=\"300\" src=\"https:\/\/aitbabors.com\/wp-content\/uploads\/2025\/10\/dafe-cafe-de-dattes-166x300.png\" class=\"attachment-medium size-medium wp-image-440\" alt=\"\" srcset=\"https:\/\/aitbabors.com\/wp-content\/uploads\/2025\/10\/dafe-cafe-de-dattes-166x300.png 166w, https:\/\/aitbabors.com\/wp-content\/uploads\/2025\/10\/dafe-cafe-de-dattes-567x1024.png 567w, https:\/\/aitbabors.com\/wp-content\/uploads\/2025\/10\/dafe-cafe-de-dattes-768x1386.png 768w, https:\/\/aitbabors.com\/wp-content\/uploads\/2025\/10\/dafe-cafe-de-dattes-851x1536.png 851w, https:\/\/aitbabors.com\/wp-content\/uploads\/2025\/10\/dafe-cafe-de-dattes-1135x2048.png 1135w, https:\/\/aitbabors.com\/wp-content\/uploads\/2025\/10\/dafe-cafe-de-dattes.png 1348w\" sizes=\"(max-width: 166px) 100vw, 166px\" \/>\t\t\t\t\t\t\t\t<\/a>\n\t\t\t\t\t\t\t\t\t\t\t\t\t\t\t<\/div>\n\t\t\t\t<\/div>\n\t\t\t\t<div class=\"elementor-element elementor-element-e6fb002 elementor-align-center elementor-widget elementor-widget-button\" data-id=\"e6fb002\" data-element_type=\"widget\" data-e-type=\"widget\" data-widget_type=\"button.default\">\n\t\t\t\t<div class=\"elementor-widget-container\">\n\t\t\t\t\t\t\t\t\t<div class=\"elementor-button-wrapper\">\n\t\t\t\t\t<a class=\"elementor-button elementor-button-link elementor-size-sm\" href=\"https:\/\/www.amazon.fr\/dp\/B0CSPQXJB6\/ref=olp-opf-redir?aod=1\" target=\"_blank\">\n\t\t\t\t\t\t<span class=\"elementor-button-content-wrapper\">\n\t\t\t\t\t\t\t\t\t<span class=\"elementor-button-text\">AJOUTER AU PANIER<\/span>\n\t\t\t\t\t<\/span>\n\t\t\t\t\t<\/a>\n\t\t\t\t<\/div>\n\t\t\t\t\t\t\t\t<\/div>\n\t\t\t\t<\/div>\n\t\t\t\t\t<\/div>\n\t\t<\/div>\n\t\t\t\t\t<\/div>\n\t\t<\/section>\n\t\t\t\t<section class=\"elementor-section elementor-top-section elementor-element elementor-element-65955e8 elementor-section-boxed elementor-section-height-default elementor-section-height-default\" data-id=\"65955e8\" data-element_type=\"section\" data-e-type=\"section\">\n\t\t\t\t\t\t<div class=\"elementor-container elementor-column-gap-default\">\n\t\t\t\t\t<div class=\"elementor-column elementor-col-100 elementor-top-column elementor-element elementor-element-c1d26c5\" data-id=\"c1d26c5\" data-element_type=\"column\" data-e-type=\"column\">\n\t\t\t<div class=\"elementor-widget-wrap elementor-element-populated\">\n\t\t\t\t\t\t<div class=\"elementor-element elementor-element-55e51aa elementor-widget elementor-widget-spacer\" data-id=\"55e51aa\" data-element_type=\"widget\" data-e-type=\"widget\" data-widget_type=\"spacer.default\">\n\t\t\t\t<div class=\"elementor-widget-container\">\n\t\t\t\t\t\t\t<div class=\"elementor-spacer\">\n\t\t\t<div class=\"elementor-spacer-inner\"><\/div>\n\t\t<\/div>\n\t\t\t\t\t\t<\/div>\n\t\t\t\t<\/div>\n\t\t\t\t<div class=\"elementor-element elementor-element-3d4d000 elementor-widget elementor-widget-heading\" data-id=\"3d4d000\" data-element_type=\"widget\" data-e-type=\"widget\" data-widget_type=\"heading.default\">\n\t\t\t\t<div class=\"elementor-widget-container\">\n\t\t\t\t\t<h2 class=\"elementor-heading-title elementor-size-default\">A venir bient\u00f4t, les coordonn\u00e9es des magasins partenaires o\u00f9 trouver nos produits<\/h2>\t\t\t\t<\/div>\n\t\t\t\t<\/div>\n\t\t\t\t\t<\/div>\n\t\t<\/div>\n\t\t\t\t\t<\/div>\n\t\t<\/section>\n\t\t\t\t<\/div>\n\t\t","protected":false},"excerpt":{"rendered":"<p>Notre E shop utilise l&rsquo;outil Amazon, la vente se finalisera donc sur leur site pour une s\u00e9curisation totale, de plus les prix comprennent la livraison gratuite pour les abonn\u00e9s Amazon prime, pour ceux qui ne le sont pas vous pouvez b\u00e9n\u00e9ficier d&rsquo;un mois gratuit sans engagement vous offrant en plus de nombreux avantages huile d\u2019olive [&hellip;]<\/p>\n","protected":false},"author":1,"featured_media":0,"parent":0,"menu_order":0,"comment_status":"closed","ping_status":"closed","template":"","meta":{"footnotes":""},"class_list":["post-17","page","type-page","status-publish","hentry","entry"],"yoast_head":"<!-- This site is optimized with the Yoast SEO plugin v27.3 - https:\/\/yoast.com\/product\/yoast-seo-wordpress\/ -->\n<title>E shop \/ o\u00f9 trouver nos produits - aitbabors.com<\/title>\n<meta name=\"robots\" content=\"index, follow, max-snippet:-1, max-image-preview:large, max-video-preview:-1\" \/>\n<link rel=\"canonical\" href=\"https:\/\/aitbabors.com\/?page_id=17\" \/>\n<meta property=\"og:locale\" content=\"fr_FR\" \/>\n<meta property=\"og:type\" content=\"article\" \/>\n<meta property=\"og:title\" content=\"E shop \/ o\u00f9 trouver nos produits - aitbabors.com\" \/>\n<meta property=\"og:description\" content=\"Notre E shop utilise l&rsquo;outil Amazon, la vente se finalisera donc sur leur site pour une s\u00e9curisation totale, de plus les prix comprennent la livraison gratuite pour les abonn\u00e9s Amazon prime, pour ceux qui ne le sont pas vous pouvez b\u00e9n\u00e9ficier d&rsquo;un mois gratuit sans engagement vous offrant en plus de nombreux avantages huile d\u2019olive [&hellip;]\" \/>\n<meta property=\"og:url\" content=\"https:\/\/aitbabors.com\/?page_id=17\" \/>\n<meta property=\"og:site_name\" content=\"aitbabors.com\" \/>\n<meta property=\"article:modified_time\" content=\"2025-11-12T09:33:01+00:00\" \/>\n<meta property=\"og:image\" content=\"http:\/\/aitbabors.com\/wp-content\/uploads\/2025\/10\/freepik__background__98379-200x300.png\" \/>\n<meta name=\"twitter:card\" content=\"summary_large_image\" \/>\n<meta name=\"twitter:label1\" content=\"Dur\u00e9e de lecture estim\u00e9e\" \/>\n\t<meta name=\"twitter:data1\" content=\"2 minutes\" \/>\n<script type=\"application\/ld+json\" class=\"yoast-schema-graph\">{\"@context\":\"https:\\\/\\\/schema.org\",\"@graph\":[{\"@type\":\"WebPage\",\"@id\":\"https:\\\/\\\/aitbabors.com\\\/?page_id=17\",\"url\":\"https:\\\/\\\/aitbabors.com\\\/?page_id=17\",\"name\":\"E shop \\\/ o\u00f9 trouver nos produits - aitbabors.com\",\"isPartOf\":{\"@id\":\"https:\\\/\\\/aitbabors.com\\\/#website\"},\"primaryImageOfPage\":{\"@id\":\"https:\\\/\\\/aitbabors.com\\\/?page_id=17#primaryimage\"},\"image\":{\"@id\":\"https:\\\/\\\/aitbabors.com\\\/?page_id=17#primaryimage\"},\"thumbnailUrl\":\"http:\\\/\\\/aitbabors.com\\\/wp-content\\\/uploads\\\/2025\\\/10\\\/freepik__background__98379-200x300.png\",\"datePublished\":\"2022-12-02T22:18:23+00:00\",\"dateModified\":\"2025-11-12T09:33:01+00:00\",\"breadcrumb\":{\"@id\":\"https:\\\/\\\/aitbabors.com\\\/?page_id=17#breadcrumb\"},\"inLanguage\":\"fr-FR\",\"potentialAction\":[{\"@type\":\"ReadAction\",\"target\":[\"https:\\\/\\\/aitbabors.com\\\/?page_id=17\"]}]},{\"@type\":\"ImageObject\",\"inLanguage\":\"fr-FR\",\"@id\":\"https:\\\/\\\/aitbabors.com\\\/?page_id=17#primaryimage\",\"url\":\"https:\\\/\\\/aitbabors.com\\\/wp-content\\\/uploads\\\/2025\\\/10\\\/freepik__background__98379-scaled.png\",\"contentUrl\":\"https:\\\/\\\/aitbabors.com\\\/wp-content\\\/uploads\\\/2025\\\/10\\\/freepik__background__98379-scaled.png\",\"width\":1706,\"height\":2560},{\"@type\":\"BreadcrumbList\",\"@id\":\"https:\\\/\\\/aitbabors.com\\\/?page_id=17#breadcrumb\",\"itemListElement\":[{\"@type\":\"ListItem\",\"position\":1,\"name\":\"Home\",\"item\":\"https:\\\/\\\/aitbabors.com\\\/\"},{\"@type\":\"ListItem\",\"position\":2,\"name\":\"E shop \\\/ o\u00f9 trouver nos produits\"}]},{\"@type\":\"WebSite\",\"@id\":\"https:\\\/\\\/aitbabors.com\\\/#website\",\"url\":\"https:\\\/\\\/aitbabors.com\\\/\",\"name\":\"aitbabors.com\",\"description\":\"L&#039;huile d&#039;olive alg\u00e9rienne, kabyle et d&#039;exception\",\"publisher\":{\"@id\":\"https:\\\/\\\/aitbabors.com\\\/#organization\"},\"potentialAction\":[{\"@type\":\"SearchAction\",\"target\":{\"@type\":\"EntryPoint\",\"urlTemplate\":\"https:\\\/\\\/aitbabors.com\\\/?s={search_term_string}\"},\"query-input\":{\"@type\":\"PropertyValueSpecification\",\"valueRequired\":true,\"valueName\":\"search_term_string\"}}],\"inLanguage\":\"fr-FR\"},{\"@type\":\"Organization\",\"@id\":\"https:\\\/\\\/aitbabors.com\\\/#organization\",\"name\":\"aitbabors.com\",\"url\":\"https:\\\/\\\/aitbabors.com\\\/\",\"logo\":{\"@type\":\"ImageObject\",\"inLanguage\":\"fr-FR\",\"@id\":\"https:\\\/\\\/aitbabors.com\\\/#\\\/schema\\\/logo\\\/image\\\/\",\"url\":\"https:\\\/\\\/aitbabors.com\\\/wp-content\\\/uploads\\\/2022\\\/12\\\/logo-ait-babors-1-e1670021020616.png\",\"contentUrl\":\"https:\\\/\\\/aitbabors.com\\\/wp-content\\\/uploads\\\/2022\\\/12\\\/logo-ait-babors-1-e1670021020616.png\",\"width\":147,\"height\":37,\"caption\":\"aitbabors.com\"},\"image\":{\"@id\":\"https:\\\/\\\/aitbabors.com\\\/#\\\/schema\\\/logo\\\/image\\\/\"}}]}<\/script>\n<!-- \/ Yoast SEO plugin. -->","yoast_head_json":{"title":"E shop \/ o\u00f9 trouver nos produits - aitbabors.com","robots":{"index":"index","follow":"follow","max-snippet":"max-snippet:-1","max-image-preview":"max-image-preview:large","max-video-preview":"max-video-preview:-1"},"canonical":"https:\/\/aitbabors.com\/?page_id=17","og_locale":"fr_FR","og_type":"article","og_title":"E shop \/ o\u00f9 trouver nos produits - aitbabors.com","og_description":"Notre E shop utilise l&rsquo;outil Amazon, la vente se finalisera donc sur leur site pour une s\u00e9curisation totale, de plus les prix comprennent la livraison gratuite pour les abonn\u00e9s Amazon prime, pour ceux qui ne le sont pas vous pouvez b\u00e9n\u00e9ficier d&rsquo;un mois gratuit sans engagement vous offrant en plus de nombreux avantages huile d\u2019olive [&hellip;]","og_url":"https:\/\/aitbabors.com\/?page_id=17","og_site_name":"aitbabors.com","article_modified_time":"2025-11-12T09:33:01+00:00","og_image":[{"url":"http:\/\/aitbabors.com\/wp-content\/uploads\/2025\/10\/freepik__background__98379-200x300.png","type":"","width":"","height":""}],"twitter_card":"summary_large_image","twitter_misc":{"Dur\u00e9e de lecture estim\u00e9e":"2 minutes"},"schema":{"@context":"https:\/\/schema.org","@graph":[{"@type":"WebPage","@id":"https:\/\/aitbabors.com\/?page_id=17","url":"https:\/\/aitbabors.com\/?page_id=17","name":"E shop \/ o\u00f9 trouver nos produits - aitbabors.com","isPartOf":{"@id":"https:\/\/aitbabors.com\/#website"},"primaryImageOfPage":{"@id":"https:\/\/aitbabors.com\/?page_id=17#primaryimage"},"image":{"@id":"https:\/\/aitbabors.com\/?page_id=17#primaryimage"},"thumbnailUrl":"http:\/\/aitbabors.com\/wp-content\/uploads\/2025\/10\/freepik__background__98379-200x300.png","datePublished":"2022-12-02T22:18:23+00:00","dateModified":"2025-11-12T09:33:01+00:00","breadcrumb":{"@id":"https:\/\/aitbabors.com\/?page_id=17#breadcrumb"},"inLanguage":"fr-FR","potentialAction":[{"@type":"ReadAction","target":["https:\/\/aitbabors.com\/?page_id=17"]}]},{"@type":"ImageObject","inLanguage":"fr-FR","@id":"https:\/\/aitbabors.com\/?page_id=17#primaryimage","url":"https:\/\/aitbabors.com\/wp-content\/uploads\/2025\/10\/freepik__background__98379-scaled.png","contentUrl":"https:\/\/aitbabors.com\/wp-content\/uploads\/2025\/10\/freepik__background__98379-scaled.png","width":1706,"height":2560},{"@type":"BreadcrumbList","@id":"https:\/\/aitbabors.com\/?page_id=17#breadcrumb","itemListElement":[{"@type":"ListItem","position":1,"name":"Home","item":"https:\/\/aitbabors.com\/"},{"@type":"ListItem","position":2,"name":"E shop \/ o\u00f9 trouver nos produits"}]},{"@type":"WebSite","@id":"https:\/\/aitbabors.com\/#website","url":"https:\/\/aitbabors.com\/","name":"aitbabors.com","description":"L&#039;huile d&#039;olive alg\u00e9rienne, kabyle et d&#039;exception","publisher":{"@id":"https:\/\/aitbabors.com\/#organization"},"potentialAction":[{"@type":"SearchAction","target":{"@type":"EntryPoint","urlTemplate":"https:\/\/aitbabors.com\/?s={search_term_string}"},"query-input":{"@type":"PropertyValueSpecification","valueRequired":true,"valueName":"search_term_string"}}],"inLanguage":"fr-FR"},{"@type":"Organization","@id":"https:\/\/aitbabors.com\/#organization","name":"aitbabors.com","url":"https:\/\/aitbabors.com\/","logo":{"@type":"ImageObject","inLanguage":"fr-FR","@id":"https:\/\/aitbabors.com\/#\/schema\/logo\/image\/","url":"https:\/\/aitbabors.com\/wp-content\/uploads\/2022\/12\/logo-ait-babors-1-e1670021020616.png","contentUrl":"https:\/\/aitbabors.com\/wp-content\/uploads\/2022\/12\/logo-ait-babors-1-e1670021020616.png","width":147,"height":37,"caption":"aitbabors.com"},"image":{"@id":"https:\/\/aitbabors.com\/#\/schema\/logo\/image\/"}}]}},"_links":{"self":[{"href":"https:\/\/aitbabors.com\/index.php?rest_route=\/wp\/v2\/pages\/17","targetHints":{"allow":["GET"]}}],"collection":[{"href":"https:\/\/aitbabors.com\/index.php?rest_route=\/wp\/v2\/pages"}],"about":[{"href":"https:\/\/aitbabors.com\/index.php?rest_route=\/wp\/v2\/types\/page"}],"author":[{"embeddable":true,"href":"https:\/\/aitbabors.com\/index.php?rest_route=\/wp\/v2\/users\/1"}],"replies":[{"embeddable":true,"href":"https:\/\/aitbabors.com\/index.php?rest_route=%2Fwp%2Fv2%2Fcomments&post=17"}],"version-history":[{"count":93,"href":"https:\/\/aitbabors.com\/index.php?rest_route=\/wp\/v2\/pages\/17\/revisions"}],"predecessor-version":[{"id":451,"href":"https:\/\/aitbabors.com\/index.php?rest_route=\/wp\/v2\/pages\/17\/revisions\/451"}],"wp:attachment":[{"href":"https:\/\/aitbabors.com\/index.php?rest_route=%2Fwp%2Fv2%2Fmedia&parent=17"}],"curies":[{"name":"wp","href":"https:\/\/api.w.org\/{rel}","templated":true}]}}